{"id":911,"date":"2018-02-21T17:27:01","date_gmt":"2018-02-21T17:27:01","guid":{"rendered":"http:\/\/ayuntamientodeprogreso.gob.mx\/uthap\/?page_id=911"},"modified":"2026-01-15T19:32:00","modified_gmt":"2026-01-15T19:32:00","slug":"unidad-de-transparencia-de-progreso","status":"publish","type":"page","link":"https:\/\/ayuntamientodeprogreso.gob.mx\/uthap\/","title":{"rendered":"Unidad de Transparencia de Progreso 2024-2027"},"content":{"rendered":"<p><img decoding=\"async\" loading=\"lazy\" class=\"wp-image-3710 aligncenter\" src=\"https:\/\/ayuntamientodeprogreso.gob.mx\/uthap\/wp-content\/uploads\/2024\/10\/BRANDING-PROGRESO-300x169.png\" alt=\"\" width=\"343\" height=\"193\" srcset=\"https:\/\/ayuntamientodeprogreso.gob.mx\/uthap\/wp-content\/uploads\/2024\/10\/BRANDING-PROGRESO-300x169.png 300w, https:\/\/ayuntamientodeprogreso.gob.mx\/uthap\/wp-content\/uploads\/2024\/10\/BRANDING-PROGRESO-1024x576.png 1024w, https:\/\/ayuntamientodeprogreso.gob.mx\/uthap\/wp-content\/uploads\/2024\/10\/BRANDING-PROGRESO-768x432.png 768w, https:\/\/ayuntamientodeprogreso.gob.mx\/uthap\/wp-content\/uploads\/2024\/10\/BRANDING-PROGRESO-1536x864.png 1536w, https:\/\/ayuntamientodeprogreso.gob.mx\/uthap\/wp-content\/uploads\/2024\/10\/BRANDING-PROGRESO-2048x1152.png 2048w, https:\/\/ayuntamientodeprogreso.gob.mx\/uthap\/wp-content\/uploads\/2024\/10\/BRANDING-PROGRESO-660x371.png 660w\" sizes=\"(max-width: 343px) 100vw, 343px\" \/><\/p>\n<p style=\"text-align: center;\"><span style=\"color: #123456;\"><b>MISI\u00d3N<\/b><\/span><\/p>\n<p align=\"justify\">La Unidad de Transparencia es la encargada de garantizar y promover el ejercicio de los derechos humanos de acceso a la informaci\u00f3n p\u00fablica y la protecci\u00f3n de los datos personales en poder del Ayuntamiento de Progreso, mediante la gesti\u00f3n de solicitudes de Acceso a la Informaci\u00f3n y ejercicio de derechos ARCO, el cumplimiento de nuestras obligaciones de transparencia , as\u00ed como implementar la verificaci\u00f3n y vigilancia de las mismas, la capacitaci\u00f3n del personal, as\u00ed como la promoci\u00f3n de la cultura de la transparencia y la protecci\u00f3n de los datos personales; a fin de incrementar la disponibilidad y calidad de la informaci\u00f3n p\u00fablica, su uso y aprovechamiento, para participar en la construcci\u00f3n de una ciudadan\u00eda informada, participativa y con una mejor calidad de vida.<\/p>\n<p style=\"text-align: center;\"><span style=\"color: #123456;\"><b>VISI\u00d3N<\/b><\/span><\/p>\n<p align=\"justify\">Somos una unidad eficiente, proactiva, confiable y con credibilidad, reconocida por las personas y su \u00f3rgano garante, que act\u00faa con honestidad, congruencia, transparencia, justicia y equidad, para que el ejercicio y cumplimiento de los derechos de acceso a la informaci\u00f3n p\u00fablica y protecci\u00f3n de datos personales sean una pr\u00e1ctica generalizada y cotidiana en nuestro municipio.<\/p>\n<p style=\"text-align: center;\"><span style=\"color: #123456;\"><strong>VALORES<\/strong><\/span><\/p>\n<p align=\"justify\">Imparcialidad, legalidad, objetividad, profesionalismo y \u00e9tica para establecer la cultura de la transparencia en todas las acciones ejecutadas por el H. Ayuntamiento Municipal de Progreso.<\/p>\n<p style=\"text-align: center;\"><span style=\"color: #123456;\"><strong>PERSONAL DE LA\u00a0 UNIDAD DE TRANSPARENCIA<\/strong><\/span><\/p>\n<table style=\"height: 245px;\" width=\"725\">\n<tbody>\n<tr>\n<td>MA. Iresine Sol\u00eds Hern\u00e1ndez<\/td>\n<td style=\"text-align: center;\">Titular de la Unidad de Transparencia de Progreso<br \/>\n(U.T.P)<\/td>\n<\/tr>\n<tr>\n<td>\u00a0C. Nora Mar\u00eda Ram\u00edrez Maga\u00f1a<\/td>\n<td style=\"text-align: center;\">\u00a0Auxiliar de Comit\u00e9 de Transparencia<\/td>\n<\/tr>\n<tr>\n<td>\u00a0C. Yehonala Paola Narvaez Valencia<\/td>\n<td style=\"text-align: center;\">Auxiliar de Transparencia (SISAI)<\/td>\n<\/tr>\n<tr>\n<td>\u00a0Lic. Lesly Mar\u00eda Campos Manzano<\/td>\n<td style=\"text-align: center;\">\u00a0Supervisor y Auxiliar de la PNT (SIPOT)<\/td>\n<\/tr>\n<tr>\n<td>\u00a0LCPyAP. Graciela Alejandra Montalvo Tun<\/td>\n<td style=\"text-align: center;\">\u00a0Supervisor y Auxiliar de la PNT (SIPOT)<\/td>\n<\/tr>\n<\/tbody>\n<\/table>\n<h2 style=\"text-align: center;\"><strong><span style=\"color: #123456;\">HORARIOS<\/span><\/strong><\/h2>\n<h2 style=\"text-align: center;\"><strong>Lunes a Viernes d<\/strong><strong>e 8:00 a 15:00 horas\u00a0<\/strong><\/h2>\n<h2><span style=\"color: #003366;\">Correo electr\u00f3nico<\/span><\/h2>\n<p>Para solicitudes de Acceso a la Informaci\u00f3n P\u00fablica y Ejercicio de Datos Personales:<\/p>\n<h3 style=\"text-align: left;\"><a href=\"solicitudes24-27@progreso.gob.mx\">solicitudes24-27@progreso.gob.mx<\/a><\/h3>\n<p>Y comunicaci\u00f3n adicional:<\/p>\n<h3 style=\"text-align: left;\"><a href=\"transparencia.24-27@progreso.gob.mx\">transparencia.24-27@progreso.gob.mx<\/a><\/h3>\n<h2><span style=\"color: #003366;\">Telef\u00f3no<\/span> 969 688 1192<\/h2>\n<p><a href=\"http:\/\/ayuntamientodeprogreso.gob.mx\/uthap\/tramites-utp\/\">Tr\u00e1mites, Costos, Horarios, Requisitos y Formatos.<\/a><\/p>\n<p><a href=\"http:\/\/ayuntamientodeprogreso.gob.mx\/uthap\/esta-es-nuestra-oficina\/\">Oficinas<\/a><\/p>\n<p><strong><span style=\"font-family: 'Roboto Condensed'; color: #003366; font-size: 24px;\">Gu\u00eda r\u00e1pida para realizar una solicitud de informaci\u00f3n mediante la Plataforma Nacional de Transparencia<\/span><\/strong><\/p>\n<p><a href=\"https:\/\/ayuntamientodeprogreso.gob.mx\/uthap\/wp-content\/uploads\/2026\/01\/GUIA-RAPIDA-PARA-REALIZAR-UNA-SOLICITUD-DE-INFORMACION-MEDIANTE-LA-PLATAFORMA-NACIONAL-DE-TRANSPARENCIA.pdf\">GU\u00cdA R\u00c1PIDA PARA REALIZAR UNA SOLICITUD DE INFORMACI\u00d3N MEDIANTE LA PLATAFORMA NACIONAL DE TRANSPARENCIA<\/a><\/p>\n<p><span style=\"color: #003366;\"><strong><span style=\"font-family: 'Roboto Condensed'; font-size: 24px;\">Manual de Procedimientos para la Atenci\u00f3n de solicitudes de Informaci\u00f3n P\u00fablica<\/span><\/strong><\/span><\/p>\n<p><a href=\"https:\/\/ayuntamientodeprogreso.gob.mx\/uthap\/wp-content\/uploads\/2026\/01\/Manual-de-Procedimientos-Para-la-Atencion-de-Solicitudes-HAP-24-27.doc\">Manual de Procedimientos Para la Atenci\u00f3n de Solicitudes HAP 24-27<\/a><\/p>\n<h1 style=\"text-align: center;\"><span style=\"color: #123456;\"><strong>D\u00cdAS INH\u00c1BILES<\/strong><\/span><\/h1>\n<ul>\n<li type=\"square\">\n<h4><span style=\"font-family: Roboto;\"><strong>01 de Enero<\/strong> &#8211; A\u00f1o Nuevo<\/span><\/h4>\n<\/li>\n<li type=\"square\">\n<h4><span style=\"font-family: Roboto;\">02 de Febrero &#8211; Conmemoraci\u00f3n del 05 de febrero.- Aniversario de la Constituci\u00f3n de M\u00e9xico<\/span><\/h4>\n<\/li>\n<li type=\"square\">\n<h4><span style=\"font-family: Roboto;\">16 y 17 de Febrero &#8211; Lunes y Martes de Carnaval<\/span><\/h4>\n<\/li>\n<li type=\"square\">\n<h4><span style=\"font-family: Roboto;\">16 de Marzo &#8211; Conmemoraci\u00f3n del 21 de Marzo.- Natalicio de Benito Ju\u00e1rez<\/span><\/h4>\n<\/li>\n<li type=\"square\">\n<h4><span style=\"font-family: Roboto;\">02 y 03 de Abril &#8211; Jueves y Viernes Santo<\/span><\/h4>\n<\/li>\n<li type=\"square\">\n<h4><span style=\"font-family: Roboto;\">01 de Mayo &#8211; D\u00eda del Trabajo<\/span><\/h4>\n<\/li>\n<li type=\"square\">\n<h4><span style=\"font-family: Roboto;\">05 de Mayo &#8211; Batalla de Puebla<\/span><\/h4>\n<\/li>\n<li type=\"square\">\n<h4><span style=\"font-family: Roboto;\">16 de Septiembre &#8211; D\u00eda de la Independencia de M\u00e9xico<\/span><\/h4>\n<\/li>\n<li type=\"square\"><strong>02 de Noviembre &#8211; D\u00eda de los Fieles Difuntos<\/strong><\/li>\n<li type=\"square\">\n<h4><span style=\"font-family: Roboto;\">16 de Noviembre &#8211; D\u00eda de la Revoluci\u00f3n Mexicana<\/span><\/h4>\n<\/li>\n<li type=\"square\">\n<h4><span style=\"font-family: Roboto;\">25 de Diciembre &#8211; Navidad<\/span><\/h4>\n<\/li>\n<\/ul>\n","protected":false},"excerpt":{"rendered":"<p>MISI\u00d3N La Unidad de Transparencia es la encargada de garantizar y promover el ejercicio de los derechos humanos de acceso a la informaci\u00f3n p\u00fablica y la protecci\u00f3n de los datos personales en poder del Ayuntamiento de Progreso, mediante la gesti\u00f3n de solicitudes de Acceso a la Informaci\u00f3n y ejercicio de derechos ARCO, el cumplimiento de\u2026 <span class=\"read-more\"><a href=\"https:\/\/ayuntamientodeprogreso.gob.mx\/uthap\/\">Read More &raquo;<\/a><\/span><\/p>\n","protected":false},"author":1,"featured_media":0,"parent":0,"menu_order":3,"comment_status":"closed","ping_status":"closed","template":"","meta":{"footnotes":""},"_links":{"self":[{"href":"https:\/\/ayuntamientodeprogreso.gob.mx\/uthap\/wp-json\/wp\/v2\/pages\/911"}],"collection":[{"href":"https:\/\/ayuntamientodeprogreso.gob.mx\/uthap\/wp-json\/wp\/v2\/pages"}],"about":[{"href":"https:\/\/ayuntamientodeprogreso.gob.mx\/uthap\/wp-json\/wp\/v2\/types\/page"}],"author":[{"embeddable":true,"href":"https:\/\/ayuntamientodeprogreso.gob.mx\/uthap\/wp-json\/wp\/v2\/users\/1"}],"replies":[{"embeddable":true,"href":"https:\/\/ayuntamientodeprogreso.gob.mx\/uthap\/wp-json\/wp\/v2\/comments?post=911"}],"version-history":[{"count":50,"href":"https:\/\/ayuntamientodeprogreso.gob.mx\/uthap\/wp-json\/wp\/v2\/pages\/911\/revisions"}],"predecessor-version":[{"id":4239,"href":"https:\/\/ayuntamientodeprogreso.gob.mx\/uthap\/wp-json\/wp\/v2\/pages\/911\/revisions\/4239"}],"wp:attachment":[{"href":"https:\/\/ayuntamientodeprogreso.gob.mx\/uthap\/wp-json\/wp\/v2\/media?parent=911"}],"curies":[{"name":"wp","href":"https:\/\/api.w.org\/{rel}","templated":true}]}}